{"id":7917,"date":"2020-05-16T09:13:04","date_gmt":"2020-05-16T09:13:04","guid":{"rendered":"https:\/\/www.rhesusnegative.net\/staynegative\/?page_id=7917"},"modified":"2020-05-16T09:13:14","modified_gmt":"2020-05-16T09:13:14","slug":"12-confirmed-regions-with-more-than-20-rh","status":"publish","type":"page","link":"https:\/\/www.rhesusnegative.net\/staynegative\/12-confirmed-regions-with-more-than-20-rh\/","title":{"rendered":"12 confirmed regions with more than 20% Rh-"},"content":{"rendered":"<div style=\"padding-bottom:20px; padding-top:10px;\" class=\"hupso-share-buttons\"><!-- Hupso Share Buttons - https:\/\/www.hupso.com\/share\/ --><a class=\"hupso_toolbar\" href=\"https:\/\/www.hupso.com\/share\/\"><img data-recalc-dims=\"1\" decoding=\"async\" src=\"https:\/\/i0.wp.com\/static.hupso.com\/share\/buttons\/share-medium.png?w=640&#038;ssl=1\" style=\"border:0px; padding-top:5px; float:left;\" alt=\"Share Button\"\/><\/a><script type=\"text\/javascript\">var hupso_services_t=new Array(\"Twitter\",\"Facebook\",\"Pinterest\",\"Linkedin\");var hupso_background_t=\"#EAF4FF\";var hupso_border_t=\"#66CCFF\";var hupso_toolbar_size_t=\"medium\";var hupso_twitter_via = \"datebytype\";var hupso_image_folder_url = \"\";var hupso_twitter_via=\"datebytype\";var hupso_url_t=\"\";var hupso_title_t=\"12 confirmed regions with more than 20% Rh-\";<\/script><script type=\"text\/javascript\" src=\"https:\/\/static.hupso.com\/share\/js\/share_toolbar.js\"><\/script><!-- Hupso Share Buttons --><\/div>\n<p style=\"text-align:center\"><strong>12 confirmed regions with more than 20% Rh-<\/strong><\/p>\n\n\n\n<div class=\"wp-block-image\"><figure class=\"aligncenter\"><img data-recalc-dims=\"1\" loading=\"lazy\" decoding=\"async\" width=\"560\" height=\"273\" src=\"https:\/\/i0.wp.com\/www.rhesusnegative.net\/staynegative\/wp-content\/uploads\/2018\/10\/san-sebastion.jpg?resize=560%2C273&#038;ssl=1\" alt=\"\" class=\"wp-image-4469\" srcset=\"https:\/\/i0.wp.com\/www.rhesusnegative.net\/staynegative\/wp-content\/uploads\/2018\/10\/san-sebastion.jpg?w=560&amp;ssl=1 560w, https:\/\/i0.wp.com\/www.rhesusnegative.net\/staynegative\/wp-content\/uploads\/2018\/10\/san-sebastion.jpg?resize=300%2C146&amp;ssl=1 300w\" sizes=\"auto, (max-width: 560px) 100vw, 560px\" \/><figcaption>The main economic activities are commerce and tourism, and it is one of the most famous tourist destinations in Spain. Despite the city\u2019s small size, events such as the San Sebasti\u00e1n International Film Festival have given it an international dimension. San Sebasti\u00e1n, along with Wroc\u0142aw, Poland, was the European Capital of Culture in 2016.\n\n<\/figcaption><\/figure><\/div>\n\n\n\n<p>National frequencies are one thing, but since nations are man-made, regional data is far more interesting. <\/p>\n\n\n\n<p>The following 12 regions have been confirmed to have more than 20% rh negative residents:<\/p>\n\n\n\n<p> <strong>Basque Country<br> Atlas Mountains, Morocco<br> Lake Chad<br> Gambella, Ethiopia<br> Catalonia<br> Silesia, Poland<br> Scotland<br> Northern Ireland<br> Sinai Peninsula<br> Rhone Valley, Switzerland<br> Bunshouten and Spakenburg, Netherlands<br> Karaite Jewish communities in Iraq<\/strong><\/p>\n\n\n\n<figure class=\"wp-block-embed-wordpress wp-block-embed is-type-wp-embed is-provider-rhesus-negative-research-rhnegative-bloodtype\"><div class=\"wp-block-embed__wrapper\">\n<blockquote class=\"wp-embedded-content\" data-secret=\"zx8lWF5Fuq\"><a href=\"https:\/\/www.rhesusnegative.net\/staynegative\/popular-questions\/where-is-rh-negative-blood-most-frequent\/\">Where is rh negative blood most frequent?<\/a><\/blockquote><iframe loading=\"lazy\" class=\"wp-embedded-content\" sandbox=\"allow-scripts\" security=\"restricted\" style=\"position: absolute; clip: rect(1px, 1px, 1px, 1px);\" title=\"&#8220;Where is rh negative blood most frequent?&#8221; &#8212; The Rh Negative Blog\" src=\"https:\/\/www.rhesusnegative.net\/staynegative\/popular-questions\/where-is-rh-negative-blood-most-frequent\/embed\/#?secret=U6SNmfCP0h#?secret=zx8lWF5Fuq\" data-secret=\"zx8lWF5Fuq\" width=\"600\" height=\"338\" frameborder=\"0\" marginwidth=\"0\" marginheight=\"0\" scrolling=\"no\"><\/iframe>\n<\/div><\/figure>\n<div style=\"padding-bottom:20px; padding-top:10px;\" class=\"hupso-share-buttons\"><!-- Hupso Share Buttons - https:\/\/www.hupso.com\/share\/ --><a class=\"hupso_toolbar\" href=\"https:\/\/www.hupso.com\/share\/\"><img data-recalc-dims=\"1\" decoding=\"async\" src=\"https:\/\/i0.wp.com\/static.hupso.com\/share\/buttons\/share-medium.png?w=640&#038;ssl=1\" style=\"border:0px; padding-top:5px; float:left;\" alt=\"Share Button\"\/><\/a><script type=\"text\/javascript\">var hupso_services_t=new Array(\"Twitter\",\"Facebook\",\"Pinterest\",\"Linkedin\");var hupso_background_t=\"#EAF4FF\";var hupso_border_t=\"#66CCFF\";var hupso_toolbar_size_t=\"medium\";var hupso_twitter_via = \"datebytype\";var hupso_image_folder_url = \"\";var hupso_twitter_via=\"datebytype\";var hupso_url_t=\"\";var hupso_title_t=\"12 confirmed regions with more than 20% Rh-\";<\/script><script type=\"text\/javascript\" src=\"https:\/\/static.hupso.com\/share\/js\/share_toolbar.js\"><\/script><!-- Hupso Share Buttons --><\/div>","protected":false},"excerpt":{"rendered":"<div style=\"padding-bottom:20px; padding-top:10px;\" class=\"hupso-share-buttons\"><!-- Hupso Share Buttons - https:\/\/www.hupso.com\/share\/ --><a class=\"hupso_toolbar\" href=\"https:\/\/www.hupso.com\/share\/\"><img src=\"https:\/\/static.hupso.com\/share\/buttons\/share-medium.png\" style=\"border:0px; padding-top:5px; float:left;\" alt=\"Share Button\"\/><\/a><script type=\"text\/javascript\">var hupso_services_t=new Array(\"Twitter\",\"Facebook\",\"Pinterest\",\"Linkedin\");var hupso_background_t=\"#EAF4FF\";var hupso_border_t=\"#66CCFF\";var hupso_toolbar_size_t=\"medium\";var hupso_twitter_via = \"datebytype\";var hupso_image_folder_url = \"\";var hupso_twitter_via=\"datebytype\";var hupso_url_t=\"\";var hupso_title_t=\"12 confirmed regions with more than 20% Rh-\";<\/script><script type=\"text\/javascript\" src=\"https:\/\/static.hupso.com\/share\/js\/share_toolbar.js\"><\/script><!-- Hupso Share Buttons --><\/div>12 confirmed regions with more than 20% Rh- National frequencies are one thing, but since nations are man-made, regional data is far more interesting. The following 12 regions have been confirmed to have more than 20% rh negative residents: Basque Country Atlas Mountains, Morocco Lake Chad Gambella, Ethiopia Catalonia Silesia, Poland Scotland Northern Ireland Sinai Peninsula Rhone Valley, Switzerland Bunshouten and Spakenburg, Netherlands Karaite Jewish communities in Iraq<div style=\"padding-bottom:20px; padding-top:10px;\" class=\"hupso-share-buttons\"><!-- Hupso Share Buttons - https:\/\/www.hupso.com\/share\/ --><a class=\"hupso_toolbar\" href=\"https:\/\/www.hupso.com\/share\/\"><img src=\"https:\/\/static.hupso.com\/share\/buttons\/share-medium.png\" style=\"border:0px; padding-top:5px; float:left;\" alt=\"Share Button\"\/><\/a><script type=\"text\/javascript\">var hupso_services_t=new Array(\"Twitter\",\"Facebook\",\"Pinterest\",\"Linkedin\");var hupso_background_t=\"#EAF4FF\";var hupso_border_t=\"#66CCFF\";var hupso_toolbar_size_t=\"medium\";var hupso_twitter_via = \"datebytype\";var hupso_image_folder_url = \"\";var hupso_twitter_via=\"datebytype\";var hupso_url_t=\"\";var hupso_title_t=\"12 confirmed regions with more than 20% Rh-\";<\/script><script type=\"text\/javascript\" src=\"https:\/\/static.hupso.com\/share\/js\/share_toolbar.js\"><\/script><!-- Hupso Share Buttons --><\/div>","protected":false},"author":1,"featured_media":6428,"parent":0,"menu_order":0,"comment_status":"closed","ping_status":"closed","template":"","meta":{"jetpack_post_was_ever_published":false,"amp_status":"","footnotes":""},"class_list":["post-7917","page","type-page","status-publish","has-post-thumbnail","hentry"],"jetpack_sharing_enabled":true,"jetpack_shortlink":"https:\/\/wp.me\/P5DV68-23H","_links":{"self":[{"href":"https:\/\/www.rhesusnegative.net\/staynegative\/wp-json\/wp\/v2\/pages\/7917","targetHints":{"allow":["GET"]}}],"collection":[{"href":"https:\/\/www.rhesusnegative.net\/staynegative\/wp-json\/wp\/v2\/pages"}],"about":[{"href":"https:\/\/www.rhesusnegative.net\/staynegative\/wp-json\/wp\/v2\/types\/page"}],"author":[{"embeddable":true,"href":"https:\/\/www.rhesusnegative.net\/staynegative\/wp-json\/wp\/v2\/users\/1"}],"replies":[{"embeddable":true,"href":"https:\/\/www.rhesusnegative.net\/staynegative\/wp-json\/wp\/v2\/comments?post=7917"}],"version-history":[{"count":5,"href":"https:\/\/www.rhesusnegative.net\/staynegative\/wp-json\/wp\/v2\/pages\/7917\/revisions"}],"predecessor-version":[{"id":7922,"href":"https:\/\/www.rhesusnegative.net\/staynegative\/wp-json\/wp\/v2\/pages\/7917\/revisions\/7922"}],"wp:featuredmedia":[{"embeddable":true,"href":"https:\/\/www.rhesusnegative.net\/staynegative\/wp-json\/wp\/v2\/media\/6428"}],"wp:attachment":[{"href":"https:\/\/www.rhesusnegative.net\/staynegative\/wp-json\/wp\/v2\/media?parent=7917"}],"curies":[{"name":"wp","href":"https:\/\/api.w.org\/{rel}","templated":true}]}}